[INFO] fetching crate ipfs-embed 0.4.0...
[INFO] checking ipfs-embed-0.4.0 against master#af3c6e733a40e671550e0f0f5aeecaa13772ba56 for pr-74989
[INFO] extracting crate ipfs-embed 0.4.0 into /workspace/builds/worker-3/source
[INFO] validating manifest of crates.io crate ipfs-embed 0.4.0 on toolchain af3c6e733a40e671550e0f0f5aeecaa13772ba56
[INFO] running `Command { std: "/workspace/cargo-home/bin/cargo" "+af3c6e733a40e671550e0f0f5aeecaa13772ba56" "read-manifest" "--manifest-path" "Cargo.toml", kill_on_drop: false }`
[INFO] started tweaking crates.io crate ipfs-embed 0.4.0
[INFO] finished tweaking crates.io crate ipfs-embed 0.4.0
[INFO] tweaked toml for crates.io crate ipfs-embed 0.4.0 written to /workspace/builds/worker-3/source/Cargo.toml
[INFO] crate crates.io crate ipfs-embed 0.4.0 already has a lockfile, it will not be regenerated
[INFO] running `Command { std: "/workspace/cargo-home/bin/cargo" "+af3c6e733a40e671550e0f0f5aeecaa13772ba56" "fetch" "--locked" "--manifest-path" "Cargo.toml", kill_on_drop: false }`
[INFO] [stderr]     Blocking waiting for file lock on package cache
[INFO] running `Command { std: "docker" "create" "-v" "/var/lib/crater-agent-workspace/builds/worker-3/target:/opt/rustwide/target:rw,Z" "-v" "/var/lib/crater-agent-workspace/builds/worker-3/source:/opt/rustwide/workdir:ro,Z" "-v" "/var/lib/crater-agent-workspace/cargo-home:/opt/rustwide/cargo-home:ro,Z" "-v" "/var/lib/crater-agent-workspace/rustup-home:/opt/rustwide/rustup-home:ro,Z" "-e" "SOURCE_DIR=/opt/rustwide/workdir" "-e" "CARGO_TARGET_DIR=/opt/rustwide/target" "-e" "CARGO_HOME=/opt/rustwide/cargo-home" "-e" "RUSTUP_HOME=/opt/rustwide/rustup-home" "-w" "/opt/rustwide/workdir" "-m" "1610612736" "--user" "0:0" "--network" "none" "rustops/crates-build-env@sha256:d92eaeed33fa75130ca1ee6c8a01d1ffb62bac859dfdfb3450e3e5d1c0146529" "/opt/rustwide/cargo-home/bin/cargo" "+af3c6e733a40e671550e0f0f5aeecaa13772ba56" "metadata" "--no-deps" "--format-version=1", kill_on_drop: false }`
[INFO] [stdout] 61a33de961adf50b78bbc4aca066e768cf7abbbde2ccda14352270c6882b4976
[INFO] [stderr] WARNING: Your kernel does not support swap limit capabilities or the cgroup is not mounted. Memory limited without swap.
[INFO] running `Command { std: "docker" "start" "-a" "61a33de961adf50b78bbc4aca066e768cf7abbbde2ccda14352270c6882b4976", kill_on_drop: false }`
[INFO] running `Command { std: "docker" "inspect" "61a33de961adf50b78bbc4aca066e768cf7abbbde2ccda14352270c6882b4976", kill_on_drop: false }`
[INFO] running `Command { std: "docker" "rm" "-f" "61a33de961adf50b78bbc4aca066e768cf7abbbde2ccda14352270c6882b4976", kill_on_drop: false }`
[INFO] [stdout] 61a33de961adf50b78bbc4aca066e768cf7abbbde2ccda14352270c6882b4976
[INFO] running `Command { std: "docker" "create" "-v" "/var/lib/crater-agent-workspace/builds/worker-3/target:/opt/rustwide/target:rw,Z" "-v" "/var/lib/crater-agent-workspace/builds/worker-3/source:/opt/rustwide/workdir:ro,Z" "-v" "/var/lib/crater-agent-workspace/cargo-home:/opt/rustwide/cargo-home:ro,Z" "-v" "/var/lib/crater-agent-workspace/rustup-home:/opt/rustwide/rustup-home:ro,Z" "-e" "SOURCE_DIR=/opt/rustwide/workdir" "-e" "CARGO_TARGET_DIR=/opt/rustwide/target" "-e" "CARGO_INCREMENTAL=0" "-e" "RUST_BACKTRACE=full" "-e" "RUSTFLAGS=--cap-lints=forbid" "-e" "CARGO_HOME=/opt/rustwide/cargo-home" "-e" "RUSTUP_HOME=/opt/rustwide/rustup-home" "-w" "/opt/rustwide/workdir" "-m" "1610612736" "--user" "0:0" "--network" "none" "rustops/crates-build-env@sha256:d92eaeed33fa75130ca1ee6c8a01d1ffb62bac859dfdfb3450e3e5d1c0146529" "/opt/rustwide/cargo-home/bin/cargo" "+af3c6e733a40e671550e0f0f5aeecaa13772ba56" "check" "--frozen" "--all" "--all-targets" "--message-format=json", kill_on_drop: false }`
[INFO] [stdout] ff1cb4dd0803c0b227a8a8ee0c486824549ac8cc164c0b2d7dcf87d4b1fc4182
[INFO] [stderr] WARNING: Your kernel does not support swap limit capabilities or the cgroup is not mounted. Memory limited without swap.
[INFO] running `Command { std: "docker" "start" "-a" "ff1cb4dd0803c0b227a8a8ee0c486824549ac8cc164c0b2d7dcf87d4b1fc4182", kill_on_drop: false }`
[INFO] [stderr]    Compiling libc v0.2.76
[INFO] [stderr]    Compiling proc-macro2 v1.0.19
[INFO] [stderr]    Compiling unicode-xid v0.2.1
[INFO] [stderr]    Compiling syn v1.0.38
[INFO] [stderr]     Checking cfg-if v0.1.10
[INFO] [stderr]    Compiling byteorder v1.3.4
[INFO] [stderr]    Compiling anyhow v1.0.32
[INFO] [stderr]    Compiling memchr v2.3.3
[INFO] [stderr]    Compiling serde_derive v1.0.115
[INFO] [stderr]    Compiling serde v1.0.115
[INFO] [stderr]     Checking futures-core v0.3.5
[INFO] [stderr]    Compiling ppv-lite86 v0.2.9
[INFO] [stderr]    Compiling bytes v0.5.6
[INFO] [stderr]     Checking lazy_static v1.4.0
[INFO] [stderr]    Compiling unicode-segmentation v1.6.0
[INFO] [stderr]    Compiling multimap v0.8.1
[INFO] [stderr]    Compiling crunchy v0.2.2
[INFO] [stderr]     Checking subtle v2.2.3
[INFO] [stderr]    Compiling version_check v0.9.2
[INFO] [stderr]     Checking scopeguard v1.1.0
[INFO] [stderr]     Checking slab v0.4.2
[INFO] [stderr]     Checking pin-utils v0.1.0
[INFO] [stderr]    Compiling pin-project-internal v0.4.23
[INFO] [stderr]     Checking arrayvec v0.5.1
[INFO] [stderr]     Checking futures-sink v0.3.5
[INFO] [stderr]    Compiling semver-parser v0.7.0
[INFO] [stderr]    Compiling maybe-uninit v2.0.0
[INFO] [stderr]    Compiling cc v1.0.59
[INFO] [stderr]    Compiling bitflags v1.2.1
[INFO] [stderr]     Checking matches v0.1.8
[INFO] [stderr]     Checking static_assertions v1.1.0
[INFO] [stderr]     Checking tinyvec v0.3.4
[INFO] [stderr]     Checking fnv v1.0.7
[INFO] [stderr]     Checking block-padding v0.2.1
[INFO] [stderr]     Checking unsigned-varint v0.3.3
[INFO] [stderr]     Checking signature v1.2.2
[INFO] [stderr]     Checking percent-encoding v2.1.0
[INFO] [stderr]     Checking pin-project-lite v0.1.7
[INFO] [stderr]     Checking untrusted v0.7.1
[INFO] [stderr]    Compiling tiny-keccak v2.0.2
[INFO] [stderr]     Checking spin v0.5.2
[INFO] [stderr]     Checking opaque-debug v0.3.0
[INFO] [stderr]     Checking bs58 v0.3.1
[INFO] [stderr]     Checking void v1.0.2
[INFO] [stderr]     Checking cpuid-bool v0.1.2
[INFO] [stderr]    Compiling data-encoding v2.3.0
[INFO] [stderr]     Checking parking v2.0.0
[INFO] [stderr]     Checking event-listener v2.3.3
[INFO] [stderr]     Checking base-x v0.2.6
[INFO] [stderr]     Checking unsigned-varint v0.5.0
[INFO] [stderr]     Checking vec-arena v0.5.0
[INFO] [stderr]     Checking quick-error v1.2.3
[INFO] [stderr]     Checking parking v1.0.6
[INFO] [stderr]     Checking itoa v0.4.6
[INFO] [stderr]    Compiling proc-macro2 v0.4.30
[INFO] [stderr]     Checking regex-syntax v0.6.18
[INFO] [stderr]     Checking rustc-hex v2.1.0
[INFO] [stderr]     Checking nohash-hasher v0.2.0
[INFO] [stderr]     Checking c_linked_list v1.1.1
[INFO] [stderr]     Checking ipnet v2.3.0
[INFO] [stderr]     Checking base64 v0.12.3
[INFO] [stderr]    Compiling crc32fast v1.2.0
[INFO] [stderr]     Checking adler v0.2.3
[INFO] [stderr]    Compiling names v0.11.0
[INFO] [stderr]     Checking unicode-width v0.1.8
[INFO] [stderr]     Checking atomic v0.4.6
[INFO] [stderr]     Checking gimli v0.22.0
[INFO] [stderr]     Checking rustc-demangle v0.1.16
[INFO] [stderr]     Checking object v0.20.0
[INFO] [stderr]     Checking permutohedron v0.2.4
[INFO] [stderr]     Checking ip_network v0.3.4
[INFO] [stderr]     Checking termcolor v1.1.0
[INFO] [stderr]    Compiling hashbrown v0.8.2
[INFO] [stderr]    Compiling indexmap v1.5.1
[INFO] [stderr]    Compiling crossbeam-utils v0.7.2
[INFO] [stderr]    Compiling memoffset v0.5.5
[INFO] [stderr]    Compiling crossbeam-epoch v0.8.2
[INFO] [stderr]    Compiling num-traits v0.2.12
[INFO] [stderr]    Compiling rayon v1.3.1
[INFO] [stderr]    Compiling itertools v0.8.2
[INFO] [stderr]     Checking futures-task v0.3.5
[INFO] [stderr]     Checking cached v0.18.0
[INFO] [stderr]     Checking thread_local v1.0.1
[INFO] [stderr]     Checking lock_api v0.3.4
[INFO] [stderr]     Checking lock_api v0.4.1
[INFO] [stderr]     Checking futures-channel v0.3.5
[INFO] [stderr]    Compiling heck v0.3.1
[INFO] [stderr]     Checking unicode-bidi v0.3.4
[INFO] [stderr]     Checking itertools v0.9.0
[INFO] [stderr]    Compiling semver v0.9.0
[INFO] [stderr]     Checking quicksink v0.1.2
[INFO] [stderr]     Checking blake2b_simd v0.5.10
[INFO] [stderr]     Checking blake2s_simd v0.5.10
[INFO] [stderr]     Checking concurrent-queue v1.2.2
[INFO] [stderr]     Checking ed25519 v1.0.1
[INFO] [stderr]    Compiling generic-array v0.14.4
[INFO] [stderr]    Compiling proc-macro-error-attr v1.0.4
[INFO] [stderr]    Compiling proc-macro-error v1.0.4
[INFO] [stderr]     Checking unicode-normalization v0.1.13
[INFO] [stderr]     Checking async-mutex v1.1.5
[INFO] [stderr]     Checking humantime v1.3.0
[INFO] [stderr]     Checking rand_core v0.3.1
[INFO] [stderr]     Checking miniz_oxide v0.4.0
[INFO] [stderr]     Checking textwrap v0.11.0
[INFO] [stderr]    Compiling log v0.4.11
[INFO] [stderr]     Checking async-channel v1.4.0
[INFO] [stderr]     Checking multitask v0.2.0
[INFO] [stderr]    Compiling rustc_version v0.2.3
[INFO] [stderr]     Checking kv-log-macro v1.0.7
[INFO] [stderr]     Checking futures-lite v0.1.11
[INFO] [stderr]     Checking aho-corasick v0.7.13
[INFO] [stderr]     Checking csv-core v0.1.10
[INFO] [stderr]     Checking smallvec v0.6.13
[INFO] [stderr]     Checking clap v2.33.3
[INFO] [stderr]     Checking idna v0.2.0
[INFO] [stderr]     Checking block-buffer v0.7.3
[INFO] [stderr]     Checking dns-parser v0.8.0
[INFO] [stderr]     Checking uint v0.8.5
[INFO] [stderr]     Checking regex-automata v0.1.9
[INFO] [stderr]     Checking fxhash v0.2.1
[INFO] [stderr]    Compiling ring v0.16.15
[INFO] [stderr]     Checking num_cpus v1.13.0
[INFO] [stderr]     Checking getrandom v0.1.14
[INFO] [stderr]     Checking parking_lot_core v0.7.2
[INFO] [stderr]     Checking polling v0.1.5
[INFO] [stderr]     Checking socket2 v0.3.12
[INFO] [stderr]     Checking rand v0.4.6
[INFO] [stderr]     Checking net2 v0.2.34
[INFO] [stderr]     Checking get_if_addrs v0.5.3
[INFO] [stderr]     Checking wait-timeout v0.2.0
[INFO] [stderr]     Checking parking_lot_core v0.8.0
[INFO] [stderr]     Checking rand v0.5.6
[INFO] [stderr]     Checking fs2 v0.4.3
[INFO] [stderr]     Checking atty v0.2.14
[INFO] [stderr]     Checking strobe-rs v0.5.4
[INFO] [stderr]    Compiling which v3.1.1
[INFO] [stderr]     Checking crossbeam-queue v0.2.3
[INFO] [stderr]     Checking aes-soft v0.3.3
[INFO] [stderr]     Checking twofish v0.2.0
[INFO] [stderr]     Checking ctr v0.3.2
[INFO] [stderr]    Compiling quote v1.0.7
[INFO] [stderr]    Compiling parking_lot_core v0.6.2
[INFO] [stderr]    Compiling parking_lot v0.9.0
[INFO] [stderr]    Compiling cast v0.2.3
[INFO] [stderr]     Checking sha2 v0.8.2
[INFO] [stderr]     Checking sha-1 v0.8.2
[INFO] [stderr]     Checking sha3 v0.8.2
[INFO] [stderr]    Compiling quote v0.6.13
[INFO] [stderr]     Checking blocking v0.5.2
[INFO] [stderr]     Checking parking_lot v0.10.2
[INFO] [stderr]     Checking regex v1.3.9
[INFO] [stderr]     Checking rand_core v0.5.1
[INFO] [stderr]     Checking block-buffer v0.9.0
[INFO] [stderr]     Checking digest v0.9.0
[INFO] [stderr]     Checking async-io v0.1.11
[INFO] [stderr]     Checking parking_lot v0.11.0
[INFO] [stderr]     Checking plotters v0.2.15
[INFO] [stderr]     Checking hmac-drbg v0.2.0
[INFO] [stderr]     Checking url v2.1.1
[INFO] [stderr]    Compiling prost-build v0.6.1
[INFO] [stderr]     Checking crossbeam-deque v0.7.3
[INFO] [stderr]     Checking aes-ctr v0.3.0
[INFO] [stderr]     Checking addr2line v0.13.0
[INFO] [stderr]    Compiling syn v0.15.44
[INFO] [stderr]     Checking multihash v0.11.2
[INFO] [stderr]     Checking rand v0.3.23
[INFO] [stderr]     Checking tempdir v0.3.7
[INFO] [stderr]    Compiling petgraph v0.5.1
[INFO] [stderr]     Checking sha2 v0.9.1
[INFO] [stderr]     Checking sha-1 v0.9.1
[INFO] [stderr]     Checking sha3 v0.9.1
[INFO] [stderr]     Checking rand_chacha v0.2.2
[INFO] [stderr]     Checking sled v0.34.3
[INFO] [stderr]     Checking rayon-core v1.7.1
[INFO] [stderr]     Checking async-executor v0.1.2
[INFO] [stderr]     Checking backtrace v0.3.50
[INFO] [stderr]     Checking rand v0.7.3
[INFO] [stderr]     Checking criterion-plot v0.4.3
[INFO] [stderr]     Checking env_logger v0.7.1
[INFO] [stderr]     Checking libsecp256k1 v0.3.5
[INFO] [stderr]     Checking tempfile v3.1.0
[INFO] [stderr]     Checking rusty-fork v0.2.2
[INFO] [stderr]     Checking proptest v0.8.7
[INFO] [stderr]    Compiling async-log-attributes v1.0.1
[INFO] [stderr]    Compiling synstructure v0.12.4
[INFO] [stderr]     Checking async-log v2.0.0
[INFO] [stderr]     Checking model v0.1.2
[INFO] [stderr]    Compiling prost-derive v0.6.1
[INFO] [stderr]    Compiling futures-macro v0.3.5
[INFO] [stderr]    Compiling thiserror-impl v1.0.20
[INFO] [stderr]    Compiling zeroize_derive v1.0.0
[INFO] [stderr]    Compiling asn1_der_derive v0.1.2
[INFO] [stderr]    Compiling data-encoding-macro-internal v0.1.8
[INFO] [stderr]    Compiling async-attributes v1.1.1
[INFO] [stderr]    Compiling libp2p-core-derive v0.20.2
[INFO] [stderr]    Compiling libipld-cbor-derive v0.4.0
[INFO] [stderr]    Compiling async-trait v0.1.38
[INFO] [stderr]     Checking async-std v1.6.3
[INFO] [stderr]     Checking zeroize v1.1.0
[INFO] [stderr]     Checking curve25519-dalek v2.1.0
[INFO] [stderr]     Checking asn1_der v0.6.3
[INFO] [stderr]     Checking data-encoding-macro v0.1.8
[INFO] [stderr]     Checking multibase v0.8.0
[INFO] [stderr]     Checking thiserror v1.0.20
[INFO] [stderr]    Compiling prost v0.6.1
[INFO] [stderr]     Checking pin-project v0.4.23
[INFO] [stderr]     Checking futures-util v0.3.5
[INFO] [stderr]    Compiling prost-types v0.6.1
[INFO] [stderr]    Compiling libp2p-core v0.21.0
[INFO] [stderr]    Compiling libp2p-kad v0.22.1
[INFO] [stderr]    Compiling libp2p-identify v0.21.0
[INFO] [stderr]    Compiling libp2p-secio v0.21.0
[INFO] [stderr]    Compiling libipld-pb v0.4.0
[INFO] [stderr]    Compiling libp2p-bitswap v0.6.1
[INFO] [stderr]     Checking futures-executor v0.3.5
[INFO] [stderr]     Checking futures v0.3.5
[INFO] [stderr]     Checking futures_codec v0.4.1
[INFO] [stderr]     Checking rw-stream-sink v0.2.1
[INFO] [stderr]     Checking wasm-timer v0.2.4
[INFO] [stderr]     Checking yamux v0.4.7
[INFO] [stderr]     Checking unsigned-varint v0.4.0
[INFO] [stderr]     Checking multistream-select v0.8.2
[INFO] [stderr]     Checking parity-multiaddr v0.9.1
[INFO] [stderr]     Checking ed25519-dalek v1.0.0-pre.4
[INFO] [stderr]     Checking serde_json v1.0.57
[INFO] [stderr]     Checking bstr v0.2.13
[INFO] [stderr]     Checking serde_cbor v0.11.1
[INFO] [stderr]     Checking csv v1.1.3
[INFO] [stderr]    Compiling toml v0.5.6
[INFO] [stderr]     Checking tinytemplate v1.1.0
[INFO] [stderr]     Checking criterion v0.3.3
[INFO] [stderr]    Compiling proc-macro-crate v0.1.5
[INFO] [stderr]     Checking libp2p-swarm v0.21.0
[INFO] [stderr]     Checking libp2p-mplex v0.21.0
[INFO] [stderr]     Checking libp2p-tcp v0.21.0
[INFO] [stderr]     Checking libp2p-yamux v0.21.0
[INFO] [stderr]    Compiling tiny-multihash-derive v0.3.0
[INFO] [stderr]     Checking libp2p-mdns v0.21.0
[INFO] [stderr]     Checking libp2p-ping v0.21.0
[INFO] [stderr]     Checking tiny-multihash v0.4.0
[INFO] [stderr]     Checking tiny-cid v0.2.0
[INFO] [stderr]     Checking libp2p v0.24.0
[INFO] [stderr]     Checking libipld-core v0.4.0
[INFO] [stderr]     Checking libipld-macro v0.4.0
[INFO] [stderr]     Checking libipld-cbor v0.4.0
[INFO] [stderr]     Checking libipld-json v0.4.0
[INFO] [stderr]     Checking libipld v0.4.0
[INFO] [stderr]     Checking ipld-collections v0.2.0
[INFO] [stderr]     Checking ipfs-embed v0.4.0 (/opt/rustwide/workdir)
[INFO] [stdout] error[E0061]: this function takes 3 arguments but 4 arguments were supplied
[INFO] [stdout]   --> benches/list.rs:31:17
[INFO] [stdout]    |
[INFO] [stdout] 31 |                 List::from(store, 64, 256, data.into_iter()).await.unwrap();
[INFO] [stdout]    |                 ^^^^^^^^^^ -----  --  ---  ---------------- supplied 4 arguments
[INFO] [stdout]    |                 |
[INFO] [stdout]    |                 expected 3 arguments
[INFO] [stdout] 
[INFO] [stdout] 
[INFO] [stdout] error[E0698]: type inside `async` block must be known in this context
[INFO] [stdout]   --> benches/list.rs:31:35
[INFO] [stdout]    |
[INFO] [stdout] 31 |                 List::from(store, 64, 256, data.into_iter()).await.unwrap();
[INFO] [stdout]    |                                   ^^ cannot infer type for type `{integer}`
[INFO] [stdout]    |
[INFO] [stdout] note: the type is part of the `async` block because of this `await`
[INFO] [stdout]   --> benches/list.rs:31:17
[INFO] [stdout]    |
[INFO] [stdout] 31 |                 List::from(store, 64, 256, data.into_iter()).await.unwrap();
[INFO] [stdout]    |                 ^^^^^^^^^^^^^^^^^^^^^^^^^^^^^^^^^^^^^^^^^^^^^^^^^^
[INFO] [stdout] 
[INFO] [stdout] 
[INFO] [stdout] error[E0698]: type inside `async` block must be known in this context
[INFO] [stdout]   --> benches/list.rs:31:39
[INFO] [stdout]    |
[INFO] [stdout] 31 |                 List::from(store, 64, 256, data.into_iter()).await.unwrap();
[INFO] [stdout]    |                                       ^^^ cannot infer type for type `{integer}`
[INFO] [stdout]    |
[INFO] [stdout] note: the type is part of the `async` block because of this `await`
[INFO] [stdout]   --> benches/list.rs:31:17
[INFO] [stdout]    |
[INFO] [stdout] 31 |                 List::from(store, 64, 256, data.into_iter()).await.unwrap();
[INFO] [stdout]    |                 ^^^^^^^^^^^^^^^^^^^^^^^^^^^^^^^^^^^^^^^^^^^^^^^^^^
[INFO] [stdout] 
[INFO] [stdout] 
[INFO] [stdout] error[E0061]: this function takes 3 arguments but 4 arguments were supplied
[INFO] [stdout]   --> benches/list.rs:50:17
[INFO] [stdout]    |
[INFO] [stdout] 50 |                 List::from(store, 64, 256, data.into_iter()).await.unwrap();
[INFO] [stdout]    |                 ^^^^^^^^^^ -----  --  ---  ---------------- supplied 4 arguments
[INFO] [stdout]    |                 |
[INFO] [stdout]    |                 expected 3 arguments
[INFO] [stdout] 
[INFO] [stdout] 
[INFO] [stdout] error[E0698]: type inside `async` block must be known in this context
[INFO] [stdout]   --> benches/list.rs:50:35
[INFO] [stdout]    |
[INFO] [stdout] 50 |                 List::from(store, 64, 256, data.into_iter()).await.unwrap();
[INFO] [stdout]    |                                   ^^ cannot infer type for type `{integer}`
[INFO] [stdout]    |
[INFO] [stdout] note: the type is part of the `async` block because of this `await`
[INFO] [stdout]   --> benches/list.rs:50:17
[INFO] [stdout]    |
[INFO] [stdout] 50 |                 List::from(store, 64, 256, data.into_iter()).await.unwrap();
[INFO] [stdout]    |                 ^^^^^^^^^^^^^^^^^^^^^^^^^^^^^^^^^^^^^^^^^^^^^^^^^^
[INFO] [stdout] 
[INFO] [stdout] 
[INFO] [stdout] error[E0698]: type inside `async` block must be known in this context
[INFO] [stdout]   --> benches/list.rs:50:39
[INFO] [stdout]    |
[INFO] [stdout] 50 |                 List::from(store, 64, 256, data.into_iter()).await.unwrap();
[INFO] [stdout]    |                                       ^^^ cannot infer type for type `{integer}`
[INFO] [stdout]    |
[INFO] [stdout] note: the type is part of the `async` block because of this `await`
[INFO] [stdout]   --> benches/list.rs:50:17
[INFO] [stdout]    |
[INFO] [stdout] 50 |                 List::from(store, 64, 256, data.into_iter()).await.unwrap();
[INFO] [stdout]    |                 ^^^^^^^^^^^^^^^^^^^^^^^^^^^^^^^^^^^^^^^^^^^^^^^^^^
[INFO] [stdout] 
[INFO] [stdout] 
[INFO] [stdout] error[E0061]: this function takes 2 arguments but 3 arguments were supplied
[INFO] [stdout]   --> benches/list.rs:63:32
[INFO] [stdout]    |
[INFO] [stdout] 63 |                 let mut list = List::new(store, 64, 256).await.unwrap();
[INFO] [stdout]    |                                ^^^^^^^^^ -----  --  --- supplied 3 arguments
[INFO] [stdout]    |                                |
[INFO] [stdout]    |                                expected 2 arguments
[INFO] [stdout] 
[INFO] [stdout] 
[INFO] [stdout] error[E0698]: type inside `async` block must be known in this context
[INFO] [stdout]   --> benches/list.rs:63:49
[INFO] [stdout]    |
[INFO] [stdout] 63 |                 let mut list = List::new(store, 64, 256).await.unwrap();
[INFO] [stdout]    |                                                 ^^ cannot infer type for type `{integer}`
[INFO] [stdout]    |
[INFO] [stdout] note: the type is part of the `async` block because of this `await`
[INFO] [stdout]   --> benches/list.rs:63:32
[INFO] [stdout]    |
[INFO] [stdout] 63 |                 let mut list = List::new(store, 64, 256).await.unwrap();
[INFO] [stdout]    |                                ^^^^^^^^^^^^^^^^^^^^^^^^^^^^^^^
[INFO] [stdout] 
[INFO] [stdout] 
[INFO] [stderr] error: could not compile `ipfs-embed`.
[INFO] [stdout] error[E0698]: type inside `async` block must be known in this context
[INFO] [stdout]   --> benches/list.rs:63:53
[INFO] [stdout]    |
[INFO] [stdout] 63 |                 let mut list = List::new(store, 64, 256).await.unwrap();
[INFO] [stdout]    |                                                     ^^^ cannot infer type for type `{integer}`
[INFO] [stdout]    |
[INFO] [stdout] note: the type is part of the `async` block because of this `await`
[INFO] [stdout]   --> benches/list.rs:63:32
[INFO] [stdout]    |
[INFO] [stdout] 63 |                 let mut list = List::new(store, 64, 256).await.unwrap();
[INFO] [stdout]    |                                ^^^^^^^^^^^^^^^^^^^^^^^^^^^^^^^
[INFO] [stdout] 
[INFO] [stdout] 
[INFO] [stderr] 
[INFO] [stdout] error[E0061]: this function takes 2 arguments but 3 arguments were supplied
[INFO] [stdout]   --> benches/list.rs:80:32
[INFO] [stdout]    |
[INFO] [stdout] 80 |                 let mut list = List::new(store, 64, 256).await.unwrap();
[INFO] [stdout]    |                                ^^^^^^^^^ -----  --  --- supplied 3 arguments
[INFO] [stdout]    |                                |
[INFO] [stdout]    |                                expected 2 arguments
[INFO] [stdout] 
[INFO] [stdout] 
[INFO] [stderr] To learn more, run the command again with --verbose.
[INFO] [stdout] error[E0698]: type inside `async` block must be known in this context
[INFO] [stdout]   --> benches/list.rs:80:49
[INFO] [stdout]    |
[INFO] [stdout] 80 |                 let mut list = List::new(store, 64, 256).await.unwrap();
[INFO] [stdout]    |                                                 ^^ cannot infer type for type `{integer}`
[INFO] [stdout]    |
[INFO] [stdout] note: the type is part of the `async` block because of this `await`
[INFO] [stdout]   --> benches/list.rs:80:32
[INFO] [stdout]    |
[INFO] [stdout] 80 |                 let mut list = List::new(store, 64, 256).await.unwrap();
[INFO] [stdout]    |                                ^^^^^^^^^^^^^^^^^^^^^^^^^^^^^^^
[INFO] [stdout] 
[INFO] [stdout] 
[INFO] [stderr] warning: build failed, waiting for other jobs to finish...
[INFO] [stdout] error[E0698]: type inside `async` block must be known in this context
[INFO] [stdout]   --> benches/list.rs:80:53
[INFO] [stdout]    |
[INFO] [stdout] 80 |                 let mut list = List::new(store, 64, 256).await.unwrap();
[INFO] [stdout]    |                                                     ^^^ cannot infer type for type `{integer}`
[INFO] [stdout]    |
[INFO] [stdout] note: the type is part of the `async` block because of this `await`
[INFO] [stdout]   --> benches/list.rs:80:32
[INFO] [stdout]    |
[INFO] [stdout] 80 |                 let mut list = List::new(store, 64, 256).await.unwrap();
[INFO] [stdout]    |                                ^^^^^^^^^^^^^^^^^^^^^^^^^^^^^^^
[INFO] [stdout] 
[INFO] [stdout] 
[INFO] [stdout] error: aborting due to 12 previous errors
[INFO] [stdout] 
[INFO] [stdout] 
[INFO] [stdout] Some errors have detailed explanations: E0061, E0698.
[INFO] [stdout] 
[INFO] [stdout] For more information about an error, try `rustc --explain E0061`.
[INFO] [stdout] 
[INFO] [stderr] error: build failed
[INFO] running `Command { std: "docker" "inspect" "ff1cb4dd0803c0b227a8a8ee0c486824549ac8cc164c0b2d7dcf87d4b1fc4182", kill_on_drop: false }`
[INFO] running `Command { std: "docker" "rm" "-f" "ff1cb4dd0803c0b227a8a8ee0c486824549ac8cc164c0b2d7dcf87d4b1fc4182", kill_on_drop: false }`
[INFO] [stdout] ff1cb4dd0803c0b227a8a8ee0c486824549ac8cc164c0b2d7dcf87d4b1fc4182
